5503 - 0?
345503
In base 14, what is -4c6a1 + 0?
-4c6a1
In base 3, what is 1011122112010 + -2?
1011122112001
In base 7, what is 36 + 15120?
15156
In base 14, what is 3 + -2cd77?
-2cd74
In base 6, what is -125 + -1001520?
-1002045
In base 2, what is -10100 + 11000111111?
11000101011
In base 15, what is 13b + 3c?
178
In base 4, what is -20 - -232221013?
232220333
In base 11, what is -a491382 + 5?
-a491378
In base 13, what is 93 + -154?
-91
In base 16, what is 70 - -932?
9a2
In base 11, what is 291959 + 5?
291963
In base 5, what is -2014033 + -11?
-2014044
In base 9, what is 7006 + 8?
7015
In base 3, what is 11 - -12220220201?
12220220212
In base 12, what is 20a57 + 20?
20a77
In base 3, what is -1222021 - -12100?
-1202221
In base 16, what is -2803 + -15?
-2818
In base 14, what is -2 + -1c1cbb?
-1c1cbd
In base 2, what is 11100 + 1111101100?
10000001000
In base 8, what is -3317661 + -3?
-3317664
In base 3, what is 211110210 + 12?
211110222
In base 3, what is 2102 + -1110122?
-1101020
In base 13, what is -a - 24a0?
-24aa
In base 3, what is -2 + 11101212000?
11101211221
In base 2, what is 1011110011 + 10100100?
1110010111
In base 6, what is -2150 + -455?
-3045
In base 15, what is 30c - 83?
279
In base 12, what is -217 - -77b?
564
In base 7, what is -5302 + -16?
-5321
In base 9, what is 4 + -120678?
-120674
In base 2, what is 10 - -110101100001010011?
110101100001010101
In base 12, what is -320350 - 4?
-320354
In base 5, what is 1040424 - 4?
1040420
In base 11, what is -174 + -a7?
-270
In base 15, what is -5e9 - a2?
-69b
In base 12, what is 1ba19 + -3?
1ba16
In base 10, what is 79 - -19052?
19131
In base 8, what is 6734 + -111?
6623
In base 8, what is 20 - 1020?
-1000
In base 16, what is 2 - 6d7?
-6d5
In base 3, what is 10 + -110002112?
-110002102
In base 12, what is 2b5a75 + 1?
2b5a76
In base 9, what is 13 - -18664?
18677
In base 8, what is 20 - 3137?
-3117
In base 5, what is -12032 - 400?
-12432
In base 16, what is -edcf4 + -1?
-edcf5
In base 7, what is 411 - 1036?
-325
In base 6, what is -4443 - -124?
-4315
In base 14, what is 4 - 38b9c?
-38b98
In base 4, what is -111 - -2220?
2103
In base 4, what is 2021333 - -11?
2022010
In base 8, what is 1011433 + 14?
1011447
In base 10, what is 1842 - -270?
2112
In base 12, what is -ab - -19?
-92
In base 4, what is -13 + 132112220?
132112201
In base 4, what is 11 - -1130203?
1130220
In base 7, what is -43602 + 1113?
-42456
In base 9, what is 775 - -5303?
6178
In base 5, what is -32 + 432413?
432331
In base 13, what is 1a2 + 52?
224
In base 2, what is -11100000 - 10?
-11100010
In base 4, what is 122322013 - 11?
122322002
In base 5, what is 42233433 + -10?
42233423
In base 5, what is -341 + -1344032?
-1344423
In base 5, what is -2014343222 - 4?
-2014343231
In base 2, what is -1011 + 10111101010010001?
10111101010000110
In base 8, what is -1 - 12022?
-12023
In base 2, what is 11111000111111 + 10?
11111001000001
In base 9, what is 1516 + 1624?
3241
In base 9, what is 258 + -2541?
-2272
In base 13, what is -4 - -2383?
237c
In base 10, what is -258132 - -3?
-258129
In base 4, what is -1001333300 + -102?
-1002000002
In base 16, what is 23435e - 1?
23435d
In base 5, what is -111 - -20410?
20244
In base 16, what is 4 + 3c863?
3c867
In base 6, what is 10 - 1331425?
-1331415
In base 3, what is 20011012 + 2110?
20020122
In base 3, what is -1 + -202222111010?
-202222111011
In base 15, what is 392 - -1815?
1ba7
In base 6, what is 15 + 240031?
240050
In base 8, what is 50205 - 5?
50200
In base 4, what is -10 + 20202320?
20202310
In base 3, what is 1211112202 - -1?
1211112210
In base 15, what is -3 - 4bbe?
-4bc2
In base 13, what is 67b2 - b3?
66cc
In base 3, what is -211 + 100010201?
100002220
In base 2, what is 100110110 + 1011?
101000001
In base 5, what is 10 - -1032044?
1032104
In base 13, what is 21 - -1840?
1861
In base 3, what is -10 - -11010200220?
11010200210
In base 4, what is -32 - 211122?
-211220
In base 4, what is 210122 - 103302?
100220
In base 8, what is 0 + 671505?
671505
In base 12, what is -4b7 + 1b?
-498
In base 8, what is -21 + 152041?
152020
In base 11, what is 10 + -976?
-966
In base 10, what is -441 - -4131?
3690
In base 9, what is 10033 + -5?
10027
In base 3, what is -2011102010 + -2210?
-2011111220
In base 2, what is 11110 - -100011011001100?
100011011101010
In base 3, what is -10 - -10001111112?
10001111102
In base 5, what is -3 + 1421434?
1421431
In base 8, what is -5 + 13210?
13203
In base 14, what is -c55 - 2a?
-c81
In base 4, what is -203 + -2132100?
-2132303
In base 15, what is 7c999 - 1?
7c998
In base 15, what is -1b4 - -24?
-190
In base 7, what is -2 + 61336?
61334
In base 5, what is -201322301 + 14?
-201322232
In base 7, what is 304 - -1131?
1435
In base 3, what is 1001000 + -122222?
101001
In base 15, what is -5 + 104e9?
104e4
In base 8, what is -3 + 60566?
60563
In base 12, what is 77b1 + -11?
77a0
In base 2, what is 0 - 100000000011100000?
-100000000011100000
In base 7, what is 20 - -24122?
24142
In base 7, what is -63620 - -2?
-63615
In base 4, what is 100301 - 32321?
1320
In base 12, what is -30b - 130?
-43b
In base 4, what is -1033 - 101223?
-102322
In base 14, what is -cd - 35?
-124
In base 10, what is 44 + 6701?
6745
In base 2, what is -11 - 110001011110100?
-110001011110111
In base 8, what is 0 + 22030?
22030
In base 11, what is 866 - -4?
86a
In base 15, what is -4258 - -8?
-4250
In base 8, what is -3473 - -173?
-3300
In base 16, what is -252 + 52?
-200
In base 14, what is -d + -b213?
-b222
In base 4, what is -23200 + 200?
-23000
In base 15, what is -9 - -62c?
623
In base 4, what is -1030311220 - 0?
-1030311220
In base 15, what is -158 - ade?
-c47
In base 8, what is 7377 + -12?
7365
In base 10, what is -1131 - -644?
-487
In base 11, what is 1 + -3090?
-308a
In base 4, what is 1322310 - -232?
1323202
In base 16, what is -e7 - c1f?
-d06
In base 11, what is -678885 - -2?
-678883
In base 6, what is -3 + 140342?
140335
In base 8, what is -2 + -521323?
-521325
In base 7, what is 255622 + 2?
255624
In base 16, what is 28c - ac3?
-837
In base 10, what is -41 + 1589?
1548
In base 4, what is 11 - -1022130?
1022201
In base 13, what is 2 - 9a82?
-9a80
In base 8, what is -16 - -312212?
312174
In base 11, what is 4 - 3901?
-38a8
In base 15, what is 1e + -30d?
-2de
In base 14, what is 22405 + 2?
22407
In base 6, what is -23 - 2210404?
-2210431
In base 13, what is 2aa52 - 5?
2aa4a
In base 4, what is 12102011 + 1?
12102012
In base 4, what is 23010 - -303?
23313
In base 12, what is -5092 - -3?
-508b
In base 6, what is -255 + -13122?
-13421
In base 9, what is -41715 + -20?
-41735
In base 4, what is 23232302 + 12?
23232320
In base 5, what is -3 - 2011031?
-2011034
In base 10, what is 1223077 + -3?
1223074
In base 13, what is c - 4cbbb?
-4cbac
In base 13, what is 33 + -1ca0?
-1c6a
In base 3, what is -121 - -1102012102?
1102011211
In base 14, what is 9b7 + 157?
b30
In base 12, what is -2 + b23?
b21
In base 6, what is 0 + -1521325?
-1521325
In base 2, what is 110101000 + 111000100?
1101101100
In base 9, what is -267 - 1172?
-1450
In base 10, what is 7619 - -2?
7621
In base 8, what is 1540416 - 5?
1540411
In base 15, what is -36586 + -2?
-36588
In base 5, what is 41 - 31433?
-31342
In base 14, what is 236 - 109?
12b
In base 16, what is 5a0 + -5c?
544
In base 7, what is -3 + -20215344?
-20215350
In base 15, what is 913 + -8?
90a
In base 9, what is 240682 + -3?
240678
In base 8, what is -7747401 + 5?
-7747374
In base 8, what is 2661 + -45?
2614
In base 6, what is 15445 + -134?
15311
In base 5, what is -1213434 + 2?
-1213432
In base 2, what is 1000010 + 11101010000010?
11101011000100
In base 12, what is -54833 + 3?
-54830
In base 15, what is -25 - -1175?
1150
In base 16, what is 2b474 - 3?
2b471
In base 16, what is -ecc - -8?
-ec4
In base 14, what is -c0 + 9?
-b5
In base 5, what is 4 - -1403301?
1403310
In base 12, what is 249 + 1?
24a
In base 11, what is -3 + 108189?
108186
In base 2, what is 10001111100110 + -100?
10001111100010
In base 13, what is -67638b + 0?
-67638b
In base 16, what is 3 - -77c0?
77c3
In base 14, what is 1b63 + 2?
1b65
In base 16, what is 997a2 + -2?
997a0
In base 10, what is 45 + -410?
-365
In base 4, what is -10331 + 31310?
20313
In base 6, what is 552 - -10113?
11105
In base 9, wha